 and 1073780.
1060
What is the highest common factor of 65003426 and 254?
254
Calculate the highest common divisor of 103448050 and 11370.
3790
What is the highest common divisor of 250441796 and 1276?
1276
What is the greatest common factor of 945826 and 56?
14
What is the highest common factor of 1358315 and 105?
35
Calculate the greatest common factor of 57487037 and 2957.
2957
What is the greatest common divisor of 615728 and 986?
58
Calculate the greatest common divisor of 3278 and 2162534.
22
Calculate the highest common factor of 8272 and 275704.
88
Calculate the greatest common divisor of 21830 and 58115.
295
Calculate the greatest common factor of 152192965 and 2335.
2335
What is the greatest common factor of 1212 and 3646260?
12
What is the highest common factor of 703 and 279851?
19
What is the greatest common divisor of 85494434 and 99122?
3418
Calculate the highest common divisor of 136488 and 492712.
968
Calculate the greatest common factor of 5516784 and 22974.
42
What is the greatest common divisor of 17874 and 1329?
3
What is the greatest common divisor of 2424000 and 256?
64
What is the highest common divisor of 75 and 288525?
75
Calculate the greatest common factor of 106 and 489086438.
106
Calculate the highest common factor of 3233265 and 1176.
147
Calculate the highest common factor of 466192 and 4448.
16
Calculate the greatest common factor of 19760884 and 11.
11
Calculate the greatest common divisor of 415 and 7545.
5
What is the highest common divisor of 8880742 and 5694?
1898
Calculate the highest common divisor of 759 and 5949768.
33
Calculate the greatest common factor of 2212550 and 11475.
425
What is the greatest common divisor of 20 and 9172270?
10
Calculate the greatest common factor of 20 and 68975420.
20
Calculate the greatest common factor of 48985194 and 102.
102
Calculate the greatest common factor of 7116 and 70500.
12
Calculate the greatest common factor of 25193820 and 60.
60
What is the greatest common factor of 7543 and 13813?
19
Calculate the highest common divisor of 120360 and 265710.
510
Calculate the greatest common divisor of 181954533 and 1502.
751
What is the greatest common factor of 392385 and 1995?
105
Calculate the highest common divisor of 68 and 4436624.
4
Calculate the highest common factor of 33492688 and 66456.
568
What is the greatest common factor of 25983 and 76005?
9
What is the highest common divisor of 4876 and 420184?
212
Calculate the greatest common divisor of 43048599 and 33.
33
Calculate the greatest common factor of 126 and 27925548.
42
What is the highest common factor of 46689 and 1536?
3
What is the greatest common divisor of 67708561 and 526?
263
Calculate the highest common factor of 37112552 and 2453.
223
Calculate the highest common divisor of 2340 and 5546340.
180
What is the greatest common factor of 6385600 and 15?
5
What is the greatest common factor of 40281 and 41876?
29
Calculate the greatest common divisor of 786638698 and 818.
818
Calculate the greatest common factor of 114240 and 69728288.
3808
Calculate the greatest common factor of 275 and 5987575.
275
Calculate the greatest common factor of 1191 and 393427.
397
What is the highest common factor of 51215192 and 7938?
98
Calculate the greatest common factor of 944350 and 51.
17
Calculate the greatest common divisor of 100915 and 315.
5
Calculate the highest common divisor of 36 and 161419779.
9
Calculate the greatest common factor of 99 and 2548980.
9
Calculate the greatest common divisor of 11577 and 199579762.
3859
Calculate the greatest common factor of 5478979 and 110.
11
Calculate the highest common divisor of 59834952 and 1910.
382
What is the greatest common divisor of 2048 and 13292032?
512
What is the highest common divisor of 308656043 and 262?
131
Calculate the highest common factor of 673511 and 14504.
37
What is the greatest common divisor of 54 and 77054706?
54
What is the greatest common divisor of 18352210 and 327814?
5374
Calculate the greatest common divisor of 35009 and 148577.
13
What is the greatest common divisor of 180 and 15350436?
36
Calculate the greatest common factor of 10 and 33887210.
10
What is the highest common factor of 590 and 1185546?
118
Calculate the highest common divisor of 217549 and 1220872.
3247
What is the highest common divisor of 472 and 1093?
1
Calculate the highest common divisor of 26629260 and 35511.
399
What is the highest common factor of 186000 and 486204?
372
Calculate the greatest common divisor of 1771518 and 19922.
14
What is the greatest common divisor of 42 and 71885004?
6
Calculate the highest common divisor of 13493 and 1288516.
131
Calculate the greatest common divisor of 19140792 and 48.
24
Calculate the highest common factor of 19845164 and 580.
116
What is the greatest common factor of 403866 and 43884?
18
What is the greatest common divisor of 323 and 5525323?
17
What is the greatest common factor of 1359320986 and 284?
142
Calculate the highest common factor of 46295665 and 169.
13
Calculate the highest common factor of 1779230 and 257546.
1966
What is the greatest common divisor of 80729005 and 57?
19
What is the greatest common factor of 20 and 28986740?
20
What is the highest common divisor of 73008 and 7904?
208
What is the highest common divisor of 427562 and 40?
2
Calculate the greatest common factor of 11481088 and 647493.
2803
Calculate the greatest common divisor of 4871169 and 532512.
387
What is the greatest common factor of 146816908 and 1316?
1316
What is the greatest common divisor of 3808 and 551852?
28
What is the highest common factor of 167854 and 984?
82
Calculate the greatest common factor of 20996248 and 13752.
1528
Calculate the greatest common factor of 842064759 and 42204.
10551
Calculate the greatest common divisor of 395777580 and 132.
132
What is the greatest common divisor of 2055 and 54896585?
685
Calculate the greatest common divisor of 175 and 129620800.
25
What is the highest common divisor of 368400 and 194331?
921
What is the greatest common divisor of 19100 and 2176780?
20
What is the greatest common divisor of 3631330 and 610?
610
Calculate the highest common divisor of 346 and 13078454.
346
What is the greatest common divisor of 5005 and 1572480?
455
Calculate the highest common factor of 608 and 124507.
19
Calculate the highest common divisor of 882090 and 3830.
10
Calculate the highest common divisor of 48 and 179234544.
48
What is the greatest common divisor of 48123729 and 4744?
593
Calculate the highest common divisor of 10 and 1158573050.
10
Calculate the greatest common factor of 7976383 and 87482.
1411
Calculate the highest common factor of 219497964 and 8.
4
Calculate the greatest common factor of 11570 and 529413118.
2314
Calculate the greatest common divisor of 695304 and 22200.
888
What is the greatest common factor of 144581955 and 140?
35
Calculate the highest common factor of 334134 and 45486.
342
Calculate the highest common factor of 14315235 and 22.
11
Calculate the highest common divisor of 6 and 363803714.
2
What is the greatest common factor of 202847 and 1207?
71
What is the highest common factor of 4281786 and 108?
18
What is the greatest common divisor of 2006970 and 8995?
35
What is the greatest common factor of 153 and 56399850?
9
Calculate the greatest common divisor of 33044532 and 272.
68
What is the highest common factor of 60 and 55940916?
12
What is the highest common factor of 26751 and 281247?
723
What is the greatest common factor of 365449401 and 18468?
4617
What is the greatest common divisor of 3681 and 14396391?
3681
What is the highest common factor of 1238536 and 1781?
13
What is the greatest common factor of 7081 and 37908389?
73
Calculate the highest common factor of 518778 and 28674.
54
Calculate the greatest common divisor of 548959 and 3973.
137
What is the highest common divisor of 21578214 and 126?
42
Calculate the highest common divisor of 27075720 and 840.
840
Calculate the highest common factor of 31024 and 20048.
112
What is the greatest common divisor of 6 and 211346?
2
What is the greatest common factor of 1494 and 44767212?
498
What is the highest common divisor of 2681 and 57939091?
2681
What is the greatest common divisor of 91398969 and 18?
9